{"id":16649,"date":"2025-05-28T15:51:33","date_gmt":"2025-05-28T15:51:33","guid":{"rendered":"https:\/\/demo.cdup.pt\/?page_id=16649"},"modified":"2025-11-26T19:47:39","modified_gmt":"2025-11-26T19:47:39","slug":"estatutos","status":"publish","type":"page","link":"https:\/\/www.cdup.pt\/?page_id=16649","title":{"rendered":"Estatutos"},"content":{"rendered":"\n<figure class=\"wp-block-image size-large\"><img loading=\"lazy\" decoding=\"async\" width=\"1024\" height=\"576\" src=\"https:\/\/demo.cdup.pt\/wp-content\/uploads\/2025\/10\/405818044_819080423560772_5450334632588953152_n-1024x576.jpg\" alt=\"\" class=\"wp-image-17364\" srcset=\"https:\/\/www.cdup.pt\/wp-content\/uploads\/2025\/10\/405818044_819080423560772_5450334632588953152_n-1024x576.jpg 1024w, https:\/\/www.cdup.pt\/wp-content\/uploads\/2025\/10\/405818044_819080423560772_5450334632588953152_n-300x169.jpg 300w, https:\/\/www.cdup.pt\/wp-content\/uploads\/2025\/10\/405818044_819080423560772_5450334632588953152_n-768x432.jpg 768w, https:\/\/www.cdup.pt\/wp-content\/uploads\/2025\/10\/405818044_819080423560772_5450334632588953152_n-1536x864.jpg 1536w, https:\/\/www.cdup.pt\/wp-content\/uploads\/2025\/10\/405818044_819080423560772_5450334632588953152_n-600x338.jpg 600w, https:\/\/www.cdup.pt\/wp-content\/uploads\/2025\/10\/405818044_819080423560772_5450334632588953152_n.jpg 2048w\" sizes=\"auto, (max-width: 1024px) 100vw, 1024px\" \/><\/figure>\n\n\n\n<p class=\"has-large-font-size\"><strong>Quem Somos<\/strong><\/p>\n\n\n\n<p class=\"has-medium-font-size\">\u2192 Associa\u00e7\u00e3o Desportiva sem fins lucrativos<br>\u2192 \u00d3rg\u00e3os sociais, dirigentes e atletas 100% amadores<br>\u2192 Fundado em 26 de Novembro de 1949<br>\u2192 Mais de 75 anos ao servi\u00e7o do desporto e da UP<br>\u2192 Primeiro clube universit\u00e1rio portugu\u00eas<br>\u2192 Clube refer\u00eancia da cidade do Porto<br>\u2192 Fomos um dos clubes mais ecl\u00e9ticos da cidade (+ de<a href=\"https:\/\/www.cdup.pt\/?page_id=17639\" data-type=\"page\" data-id=\"17639\"> 20 modalidades<\/a>)<br>\u2192 Palmares com uma vasta cole\u00e7\u00e3o de Ta\u00e7as e Trof\u00e9us <br>\u2192 Percursor de v\u00e1rias modalidades em Portugal (Canoagem, Polo Aqu\u00e1tico)<br>\u2192 Milhares de atletas, passaram ao longo dos anos pelas diferentes <br>\u2192 In\u00fameros sec\u00e7\u00f5es ilustres cidad\u00e3os foram atletas do CDUP<\/p>\n\n\n\n<p class=\"has-large-font-size\"><strong>Miss\u00e3o<\/strong><\/p>\n\n\n\n<p class=\"has-medium-font-size\">\u2192 Ter resposta para os jovens que nos procuram para praticar desporto federado<br>\u2192 Ter ambi\u00e7\u00e3o de competir ao mais alto n\u00edvel<br>\u2192 Acolher estudantes da UP que queiram praticar desporto federado, qualquer que seja o seu n\u00edvel competitivo<br>\u2192 Acolher todos os jovens sem qualquer descrimina\u00e7\u00e3o e ter sensibilidade social<br>\u2192 Ser parte activa na forma\u00e7\u00e3o dos jovens atletas, de acordo com os nossos valores<br>\u2192 Ter um comportamento irrepreens\u00edvel em todos os palcos<br>\u2192 Conseguir gerar as receitas suficientes para financiar as actividades previstas<br>\u2192 Cumprir com todas as obriga\u00e7\u00f5es desportivas, econ\u00f3micas, sociais e fiscais<\/p>\n\n\n\n<p><\/p>\n\n\n\n<p class=\"has-large-font-size\"><strong>Atletas<\/strong><\/p>\n\n\n\n<p>\u2192 Todos atletas, sem excep\u00e7\u00e3o, devem ser federados com exame m\u00e9dico desportivo e seguro desportivo v\u00e1lidos at\u00e9 ao final da \u00e9poca<\/p>\n\n\n\n<p>\u2192 Serem s\u00f3cios atletas do CDUP (custo por \u00e9poca: 15\u20ac)<\/p>\n\n\n\n<p>\u2192 Terem cart\u00e3o de s\u00f3cio v\u00e1lido (custo de emiss\u00e3o, novos atletas: 5\u20ac)<\/p>\n\n\n\n<p>\u2192 Devem respeitar os valores do clube<\/p>\n\n\n\n<p>\u2192 Cumprirem com todas as obriga\u00e7\u00f5es definidas pela respectiva modalidade<\/p>\n\n\n\n<div class=\"wp-block-buttons is-layout-flex wp-block-buttons-is-layout-flex\">\n<div class=\"wp-block-button\"><a class=\"wp-block-button__link has-background wp-element-button\" href=\"\/?page_id=787\" style=\"border-width:1px;border-radius:20px;background-color:#003333\">S\u00f3cios<\/a><\/div>\n<\/div>\n\n\n\n<p class=\"has-large-font-size\"><strong>Org\u00e3o Sociais<\/strong><\/p>\n\n\n\n<p><strong>Direc\u00e7\u00e3o<\/strong><\/p>\n\n\n\n<p>Henrique Coelho Gra\u00e7a da Rocha (Presidente)<\/p>\n\n\n\n<p>\u00c1lvaro Jos\u00e9 Machado Monteiro (Vice-Presidente)<\/p>\n\n\n\n<p>Carlos Alberto S. P. Bettencourt Gesta (Vogal)<\/p>\n\n\n\n<p>Lu\u00eds Manuel Gomes de Maia Mendes (Vogal)<\/p>\n\n\n\n<p>Paulo Ernesto Alvarez Os\u00f3rio (Vogal)<\/p>\n\n\n\n<p><\/p>\n\n\n\n<p><strong>Conselho Fiscal<\/strong><\/p>\n\n\n\n<p>Jos\u00e9 Maria de Azevedo e Serpa Pereira Brand\u00e3o (Presidente)<\/p>\n\n\n\n<p>Diogo Nuno da Fonseca Machado Monteiro (Vogal)<\/p>\n\n\n\n<p>Paulo Maria Dinis Carvalho Gomes (Vogal)<\/p>\n\n\n\n<p><\/p>\n\n\n\n<p><strong>\u00c9poca 2024\/2025<\/strong><\/p>\n\n\n\n<p><\/p>\n\n\n\n<p><strong>Plano de Actividades<\/strong><\/p>\n\n\n\n<div data-wp-interactive=\"core\/file\" class=\"wp-block-file\"><object data-wp-bind--hidden=\"!state.hasPdfPreview\" hidden class=\"wp-block-file__embed\" data=\"https:\/\/www.cdup.pt\/wp-content\/uploads\/2025\/05\/Plano-Actividades-CDUP-2024-2025.pdf\" type=\"application\/pdf\" style=\"width:100%;height:600px\" aria-label=\"Incorpora\u00e7\u00e3o de Plano Actividades CDUP 2024 2025.\"><\/object><a id=\"wp-block-file--media-1c919d05-8fbe-4115-b7ca-8c2ab239eb8e\" href=\"https:\/\/www.cdup.pt\/wp-content\/uploads\/2025\/05\/Plano-Actividades-CDUP-2024-2025.pdf\">Plano Actividades CDUP 2024 2025<\/a><a href=\"https:\/\/www.cdup.pt\/wp-content\/uploads\/2025\/05\/Plano-Actividades-CDUP-2024-2025.pdf\" class=\"wp-block-file__button wp-element-button\" download aria-describedby=\"wp-block-file--media-1c919d05-8fbe-4115-b7ca-8c2ab239eb8e\">Descarregar<\/a><\/div>\n","protected":false},"excerpt":{"rendered":"<p>Quem Somos \u2192 Associa\u00e7\u00e3o Desportiva sem fins lucrativos\u2192 \u00d3rg\u00e3os sociais, dirigentes e atletas 100% amadores\u2192 Fundado em 26 de Novembro de 1949\u2192 Mais de 75 anos ao servi\u00e7o do desporto e da UP\u2192 Primeiro clube universit\u00e1rio portugu\u00eas\u2192 Clube refer\u00eancia da cidade do Porto\u2192 Fomos um dos clubes mais ecl\u00e9ticos da cidade (+ de 20 modalidades)\u2192 [&hellip;]<\/p>\n","protected":false},"author":1,"featured_media":0,"parent":0,"menu_order":0,"comment_status":"closed","ping_status":"closed","template":"","meta":{"_acf_changed":false,"footnotes":""},"class_list":["post-16649","page","type-page","status-publish","hentry"],"mb":[],"acf":[],"featured_image_url":[],"post_author":"cdup natacao","assigned_categories":"","jetpack_sharing_enabled":true,"mfb_rest_fields":["title","featured_image_url","post_author","assigned_categories","jetpack_sharing_enabled"],"_links":{"self":[{"href":"https:\/\/www.cdup.pt\/index.php?rest_route=\/wp\/v2\/pages\/16649","targetHints":{"allow":["GET"]}}],"collection":[{"href":"https:\/\/www.cdup.pt\/index.php?rest_route=\/wp\/v2\/pages"}],"about":[{"href":"https:\/\/www.cdup.pt\/index.php?rest_route=\/wp\/v2\/types\/page"}],"author":[{"embeddable":true,"href":"https:\/\/www.cdup.pt\/index.php?rest_route=\/wp\/v2\/users\/1"}],"replies":[{"embeddable":true,"href":"https:\/\/www.cdup.pt\/index.php?rest_route=%2Fwp%2Fv2%2Fcomments&post=16649"}],"version-history":[{"count":11,"href":"https:\/\/www.cdup.pt\/index.php?rest_route=\/wp\/v2\/pages\/16649\/revisions"}],"predecessor-version":[{"id":17644,"href":"https:\/\/www.cdup.pt\/index.php?rest_route=\/wp\/v2\/pages\/16649\/revisions\/17644"}],"wp:attachment":[{"href":"https:\/\/www.cdup.pt\/index.php?rest_route=%2Fwp%2Fv2%2Fmedia&parent=16649"}],"curies":[{"name":"wp","href":"https:\/\/api.w.org\/{rel}","templated":true}]}}